-164 (base 8) to base 10.
-116
160 (base 7) to base 14
67
What is 24 (base 15) in base 16?
22
What is 1144 (base 6) in base 15?
13a
-3 (base 5) to base 11
-3
-13 (base 9) to base 12
-10
52 (base 12) to base 13
4a
What is -1 (base 12) in base 13?
-1
What is 186 (base 15) in base 16?
15f
What is 43 (base 9) in base 12?
33
What is -11 (base 8) in base 12?
-9
-5 (base 11) to base 5
-10
Convert -42 (base 9) to base 14.
-2a
Convert 3 (base 11) to base 16.
3
-5a (base 12) to base 14
-50
-1 (base 13) to base 10
-1
Convert 1000 (base 2) to base 6.
12
-1 (base 15) to base 13
-1
8b (base 14) to base 6
323
Convert 10101 (base 2) to base 4.
111
What is 200 (base 6) in base 16?
48
Convert -d (base 16) to base 2.
-1101
-1c (base 14) to base 11
-24
-10 (base 2) to base 11
-2
What is 94 (base 10) in base 7?
163
What is -5 (base 15) in base 4?
-11
Convert -1011 (base 2) to base 7.
-14
2 (base 5) to base 2
10
Convert 1044 (base 5) to base 2.
10010101
-174 (base 8) to base 12
-a4
Convert 133 (base 5) to base 12.
37
-3 (base 8) to base 2
-11
Convert 7a (base 14) to base 12.
90
Convert 24 (base 12) to base 16.
1c
What is 2312 (base 4) in base 11?
156
Convert 4 (base 5) to base 12.
4
Convert -34 (base 6) to base 12.
-1a
Convert 10 (base 5) to base 3.
12
What is -6a (base 14) in base 4?
-1132
8 (base 16) to base 7
11
What is 49 (base 12) in base 7?
111
5 (base 15) to base 6
5
Convert 29 (base 13) to base 15.
25
Convert 245 (base 7) to base 11.
10a
What is -5 (base 7) in base 12?
-5
What is 10110 (base 2) in base 11?
20
225 (base 8) to base 12
105
-2 (base 4) to base 5
-2
What is -222 (base 3) in base 14?
-1c
1 (base 10) to base 9
1
12 (base 8) to base 12
a
Convert -5 (base 14) to base 2.
-101
-c (base 15) to base 14
-c
What is -40 (base 7) in base 2?
-11100
What is 21 (base 6) in base 8?
15
Convert 100 (base 2) to base 7.
4
-10110100 (base 2) to base 16
-b4
What is -20 (base 4) in base 8?
-10
323 (base 5) to base 14
64
110 (base 3) to base 16
c
Convert -27 (base 14) to base 2.
-100011
5 (base 13) to base 5
10
0 (base 9) to base 2
0
What is -10 (base 11) in base 10?
-11
Convert -13 (base 9) to base 2.
-1100
Convert -20 (base 3) to base 7.
-6
What is -3 (base 15) in base 10?
-3
What is 4e (base 15) in base 4?
1022
Convert -131 (base 11) to base 2.
-10011011
Convert 14 (base 14) to base 6.
30
-90 (base 14) to base 3
-11200
What is 2 (base 11) in base 10?
2
What is -7 (base 8) in base 4?
-13
What is -50 (base 13) in base 4?
-1001
What is 5 (base 13) in base 8?
5
206 (base 7) to base 16
68
What is -1 (base 11) in base 12?
-1
Convert 2 (base 4) to base 5.
2
Convert 4 (base 9) to base 8.
4
What is 104 (base 12) in base 16?
94
Convert -304 (base 7) to base 9.
-177
Convert -a (base 11) to base 15.
-a
Convert -15 (base 13) to base 4.
-102
Convert 4 (base 5) to base 9.
4
3 (base 9) to base 16
3
What is -1213 (base 4) in base 7?
-205
What is 9 (base 16) in base 7?
12
Convert 21202 (base 3) to base 13.
131
What is 15 (base 13) in base 16?
12
What is 0 (base 6) in base 11?
0
Convert -7 (base 8) to base 13.
-7
What is 37 (base 12) in base 4?
223
Convert 2a (base 14) to base 6.
102
Convert 71 (base 13) to base 2.
1011100
-52 (base 8) to base 16
-2a
Convert 112 (base 3) to base 11.
13
What is -11 (base 2) in base 13?
-3
What is 0 (base 3) in base 6?
0
Convert 14 (base 13) to base 6.
25
1202 (base 5) to base 14
c9
What is 144 (base 9) in base 14?
89
What is -5 (base 8) in base 9?
-5
What is 2 (base 3) in base 11?
2
What is 10011 (base 2) in base 11?
18
What is -50 (base 6) in base 7?
-42
Convert -69 (base 15) to base 12.
-83
-446 (base 8) to base 6
-1210
-3 (base 9) to base 13
-3
Convert -a2 (base 12) to base 3.
-11112
What is 86 (base 10) in base 13?
68
-4 (base 9) to base 15
-4
-2 (base 14) to base 9
-2
Convert -3 (base 11) to base 13.
-3
What is 5 (base 8) in base 5?
10
What is -10 (base 6) in base 16?
-6
Convert 15 (base 14) to base 5.
34
Convert 341 (base 5) to base 3.
10120
Convert 1022 (base 3) to base 9.
38
340 (base 6) to base 5
1012
What is -413 (base 6) in base 2?
-10011001
What is 1 (base 9) in base 4?
1
What is -2 (base 7) in base 5?
-2
Convert 0 (base 13) to base 15.
0
Convert -9 (base 16) to base 2.
-1001
Convert -3 (base 16) to base 2.
-11
Convert -11 (base 6) to base 7.
-10
What is 2 (base 4) in base 8?
2
-19 (base 10) to base 6
-31
Convert -f (base 16) to base 3.
-120
What is -1 (base 11) in base 12?
-1
What is -20 (base 3) in base 6?
-10
Convert -1110100 (base 2) to base 10.
-116
What is -97 (base 10) in base 7?
-166
Convert -c (base 14) to base 9.
-13
What is b (base 16) in base 3?
102
Convert -23 (base 5) to base 16.
-d
Convert -1a (base 16) to base 7.
-35
1d (base 15) to base 4
130
Convert 6 (base 16) to base 2.
110
41 (base 6) to base 15
1a
120 (base 4) to base 14
1a
What is -1001 (base 2) in base 5?
-14
Convert -12 (base 6) to base 13.
-8
3 (base 10) to base 8
3
What is -d (base 16) in base 6?
-21
What is -2 (base 13) in base 3?
-2
Convert -4 (base 12) to base 3.
-11
19 (base 11) to base 15
15
0 (base 12) to base 13
0
What is 4 (base 16) in base 15?
4
What is -12 (base 5) in base 9?
-7
What is -14 (base 13) in base 3?
-122
Convert 1 (base 16) to base 9.
1
Convert -41 (base 9) to base 8.
-45
Convert -1 (base 2) to base 10.
-1
-11 (base 2) to base 9
-3
Convert -31 (base 6) to base 16.
-13
What is 96 (base 16) in base 15?
a0
What is -4 (base 16) in base 10?
-4
3 (base 15) to base 3
10
Convert 1 (base 13) to base 2.
1
Convert 35 (base 7) to base 6.
42
-1 (base 8) to base 4
-1
Convert 0 (base 16) to base 13.
0
What is -435 (base 7) in base 3?
-22020
What is -3 (base 6) in base 8?
-3
Convert -1002 (base 4) to base 16.
-42
Convert -11 (base 2) to base 13.
-3
Convert 4 (base 6) to base 10.
4
Convert 5 (base 10) to base 11.
5
-4 (base 7) to base 14
-4
Convert 4 (base 15) to base 9.
4
Convert 30 (base 13) to base 2.
100111
Convert -10010 (base 2) to base 14.
-14
Convert 10 (base 3) to base 7.
3
Convert -4 (base 6) to base 11.
-4
2110 (base 3) to base 7
123
-9 (base 10) to base 16
-9
41 (base 5) to base 3
210
0 (base 6) to base 14
0
Convert 2 (base 4) to base 16.
2
14 (base 7) to base 15
b
Convert -223 (base 4) to base 15.
-2d
Convert 20 (base 6) to base 13.
c
Convert -34 (base 15) to base 5.
-144
Convert -6 (base 12) to base 5.
-11
What is -25 (base 12) in base 7?
-41
-11 (base 3) to base 9
-4
Convert 32 (base 4) to base 6.
22
What is -40 (base 8) in base 2?
-100000
Convert -12 (base 5) to base 7.
-10
12 (base 10) to base 8
14
What is 2 (base 6) in base 4?
2
What is -4 (base 13) in base 10?
-4
171 (base 8) to base 6
321
1 (base 4) to base 14
1
Convert 2010 (base 3) to base 5.
212
-120 (base 3) to base 11
-14
What is -1010 (base 2) in base 5?
-20
Convert 6 (base 15) to base 13.
6
What is -230 (base 4) in base 7?
-62
Convert 201 (base 5) to base 3.
1220
What is 15 (base 11) in base 5?
31
What is -4 (base 15) in base 16?
-4
Convert 240 (base 11) to base 12.
1ba
Convert 2 (base 10) to base 14.
2
Convert -46 (base 9) to base 14.
-30
0 (base 16) to base 11
0
-1230 (base 4) to base 5
-413
What is -10 (base 7) in base 15?
-7
What is -20 (base 3) in base 8?
-6
What is -203 (base 4) in base 16?
-23
Convert -2132 (base 5) to base 13.
-196
Convert 110011 (base 2) to base 16.
33
3 (base 5) to base 16
3
-2 (base 9) to base 5
-2
Convert -87 (base 12) to base 8.
-147
What is 2 (base 16) in base 15?
2
What is 101010 (base 2) in base 10?
42
Convert 1110100 (base 2) to base 11.
a6
-1 (base 5) to base 7
-1
Convert 72 (base 14) to base 10.
100
2112 (base 3) to base 2
1000100
-13 (base 12) to base 13
-12
What is 6 (base 12) in base 6?
10
Convert 2014 (base 5) to base 2.
100000011
Convert -5 (base 7) to base 8.
-5
132 (base 7) to base 11
66
Convert 18 (base 10) to base 14.
14
Convert f (base 16) to base 8.
17
Convert 6 (base 15) to base 2.
110
Convert 11 (base 4) to base 8.
5
What is -12 (base 4) in base 2?
-110
-f (base 16) to base 11
-14
What is 107 (base 9) in base 10?
88
What is -311 (base 6) in base 10?
-115
Convert -11102 (base 4) to base 6.
-1322
30 (base 13) to base 14
2b
-41 (base 10) to base 15
-2b
-8 (base 15) to base 7
-11
-30 (base 7) to base 4
-111
Convert 102 (base 3) to base 6.
15
What is b (base 16) in base 5?
21
2 (base 13) to base 11
2
What is -10001111 (base 2) in base